= 2*z + m, -5*z + 2*a + 20 = -a. Let c be 44*z*(-1)/(-4). Calculate the greatest common divisor of 88 and c.
11
Let x be (-4)/(((-2)/5)/(513/570)). Let r(m) = -m**3 + 10*m + 6. Let q be r(-7). Calculate the greatest common factor of x and q.
9
Let x be (-2)/34 - (-40966317)/9639. Calculate the greatest common factor of 170 and x.
170
Let s = 806 + -798. Suppose 0 = 2*g + 5*v - 34, -5*g + 85 = -s*v + 7*v. What is the greatest common factor of g and 459?
17
Let y(z) = -z**3 + 2*z**2 - 9*z + 25. Let a be y(-6). Let q = a + -176. Suppose -q + 48 = -n. Calculate the greatest common divisor of n and 26.
13
Let x(r) = 8*r**2 + 18*r - 488. Let l be x(-19). Calculate the highest common divisor of 42 and l.
42
Let n = -47 - -37. Let o be (-13 - n - -12) + (-5 - 0). Calculate the greatest common factor of o and 236.
4
Let l = 12838 - 12823. Calculate the greatest common factor of 11535 and l.
15
Let w(n) = 14*n**3 + 188*n**2 + 13*n + 6. Let h be w(-13). What is the highest common divisor of h and 74?
37
Let n be 127 + 1 - 15/5. Suppose 4*x + 5*j = 110, -2*x - 3*j + 334 - 278 = 0. Calculate the greatest common divisor of n and x.
25
Let p = -58 + -294. Let c = p - -406. What is the greatest common factor of c and 90?
18
Let w = 28200 - 26814. Calculate the greatest common factor of 238 and w.
14
Let f = -844 - -849. What is the highest common divisor of 1145 and f?
5
Suppose -u - 5*w = 7, 0*u + 2*w + 19 = 5*u. Suppose -2*h - 100 = 2*j, 4 = -h + 5*j - 64. Let i = h - -59. What is the highest common factor of i and u?
3
Let v(n) = 15*n + 2352. Let d be v(41). What is the highest common factor of d and 129?
129
Let z be -1*-9*4/((-72)/102). Let y be (-225)/4 - (-4)/16. Let c = z - y. What is the greatest common divisor of 55 and c?
5
Suppose 13*j = 2 - 106. Let w be 5 + j/4 + 9*1. Suppose -4*i = -246 - 138. What is the greatest common divisor of i and w?
12
Let g(z) be the first derivative of -1/4*z**4 - 5/3*z**3 + 4*z**2 + 0*z - 17. Let j be g(-9). What is the highest common factor of j and 36?
36
Let l(m) = 282*m - 1674. Let v be l(6). Calculate the highest common factor of 50238 and v.
18
Let i(l) = 4*l**3 - 2*l**2 + 27*l - 60. Let f be i(7). Calculate the greatest common factor of 610 and f.
61
Let y = -855 - -540. Let k = y + 331. Calculate the highest common factor of 20 and k.
4
Suppose 0 = -4*v + 3*i + 2*i - 41, -v = -i + 9. Let r be 4*(v - 72)/(-2). What is the highest common factor of 95 and r?
19
Let i(k) = -k**3 - 13*k**2 - 35*k - 125. Let v be i(-11). Let w be 4/(-14) + 3026/7. Suppose 0*y - 3*y = -w. What is the highest common factor of v and y?
18
Let m = -67 + 113. Suppose 1014 = 4*s + m. What is the greatest common divisor of 11 and s?
11
Suppose -3*q + 49 = 34. Suppose -3*l + l - 5*t = -q, l + 2*t - 3 = 0. Let m = l + 44. What is the highest common divisor of 7 and m?
7
Suppose 7*f + 47*f - 54 = 0. Let z(p) = 8*p**2 - p + 1. Let x be z(f). What is the highest common divisor of x and 52?
4
Suppose 457 + 803 = 121*t + 292. Calculate the greatest common divisor of t and 740.
4
Suppose 3*h - 44 = -f, 0 = -4*f + 24 - 16. What is the highest common factor of 61 and h?
1
Let t(i) = 43*i**2 + 3985*i - 114. Let c be t(-93). What is the highest common divisor of c and 2916?
108
Suppose 65*n = 70*n - 2*p - 1326, p = -3. Calculate the greatest common divisor of 330 and n.
66
Let s(x) = -2*x**2 + 3*x + 26. Let i be -5*6/(-30) - 46*-1. Let o = i - 47. Let d be s(o). Calculate the highest common factor of 39 and d.
13
Let q be ((-1)/(-2) - (-8)/(-16)) + -1. Let p be 1 - 4 - q*(1 - -92). Let f be (2*15/(-20))/(6/(-900)). Calculate the greatest common factor of p and f.
45
Let d = -5325 - -5409. What is the highest common factor of 98 and d?
14
Suppose -5*i + 11*r - 8*r + 59 = 0, 4*r = -3*i + 18. Calculate the greatest common factor of 375 and i.
5
Let c(i) = i**2 + 5*i - 5. Let j be c(1). Suppose -14*v - 4 = -18*v. Calculate the highest common divisor of j and v.
1
Suppose 4*w - 5*i - 93175 = 0, 21*w - 2*i = 22*w - 23310. Calculate the greatest common divisor of w and 20.
20
Suppose 15*y + 16 = 17*y - 4*v, 0 = -2*y + 5*v + 18. Suppose -y*q + 9 = -11, q - 10 = -x. What is the greatest common factor of 205 and x?
5
Let q(x) be the third derivative of -5*x**4/24 + 41*x**3/3 - 17*x**2 + 2. Let z be q(15). Calculate the highest common factor of 70 and z.
7
Suppose 955*b = 977*b - 1760. Let n = 1 - -9. Calculate the greatest common factor of n and b.
10
Let l be (-20)/6*(-81)/18. Let k be (-32)/4 + (l - -6). What is the greatest common divisor of k and 962?
13
Suppose 6*k = 10*k - 1068. Let p(z) = 43*z**2 - 17*z + 20. Let w be p(3). Calculate the greatest common divisor of w and k.
89
Let t = 35441 - 34715. Calculate the highest common factor of t and 6.
6
Let v(s) = s**3 - 7*s**2 - 2*s + 15. Let d be v(7). Let x be (18 + -3)/(d + 0). Calculate the highest common divisor of x and 10.
5
Suppose -3*s + 8035 = -11648. Calculate the greatest common factor of 81 and s.
81
Let f be 15 + 10 + -26 - 1*254. Let z = f - -310. What is the highest common divisor of 143 and z?
11
Suppose -7*y + 21170 = -2*y + 5*j, 2*y - 8480 = -4*j. Calculate the highest common divisor of y and 42.
14
Let x = -278 - -3254. What is the highest common factor of 144 and x?
48
Suppose 5*t + 63*s - 60*s = 22434, 2*t + s = 8973. Calculate the highest common divisor of 78 and t.
39
Let n(v) be the first derivative of v**3 + 11*v**2/2 + 31*v - 56. Let m be n(-8). What is the greatest common divisor of m and 15?
15
Let c = 167717 - 167187. Suppose 45 = k - 0*g - 5*g, -100 = -4*k + 4*g. What is the greatest common divisor of k and c?
10
Suppose -568 = -3*z - 5*k, -k + 380 = 2*z + 3*k. Let s be 39 + (-48)/(-12) + -12. Calculate the highest common factor of z and s.
31
Suppose 15 - 10 = m. Suppose m*t - 14 = -34. Let j be 21/((t/(-20))/((-1)/(-3))). What is the highest common factor of 245 and j?
35
Suppose 0 = 2*q + q - 51. Let d = -3831 - -4154. Calculate the greatest common factor of d and q.
17
Let v(o) = 125*o + 19. Suppose 6*n + 69 = 75. Let c be v(n). Let t be (-12)/((-6)/8 - 0). What is the highest common divisor of c and t?
16
Let u = -83 + 87. Suppose -558 = u*h - 1894. Let r = -172 + h. Calculate the greatest common factor of 18 and r.
18
Let z(o) = -o**2 + 7*o. Let b be z(0). Suppose b*h + 52 = 2*h. What is the greatest common factor of h and 26?
26
Let v(u) be the first derivative of 5*u**2 - 88*u - 80. Let s be v(10). Calculate the greatest common factor of 66 and s.
6
Suppose 1 = 2*n + 5. Let m = 109 - 144. Let k = n - m. What is the highest common divisor of 264 and k?
33
Let a = -769 + 779. Calculate the greatest common divisor of a and 99.
1
Let x = -1864 - -1946. Calculate the greatest common factor of 25994 and x.
82
Let s be (31/3 + -7)*546. Calculate the highest common factor of s and 630.
70
Let j(s) = 13*s**2 - 2*s + 4. Suppose -5*o + 2*o + 13 = -b, -b - 5 = -o. Let w be j(o). Suppose -5*z + 28 = -32. What is the highest common factor of w and z?
12
Let a(l) = 4*l**2 - 3*l. Let j be a(2). Let b be 5/(25/16 - 30/20). Suppose -201*o = -200*o - b. Calculate the greatest common divisor of j and o.
10
Let r = 7 - 6. Suppose -9*g + 5 - 14 = 0. Let a be (g/(-2))/(r/288). What is the greatest common divisor of a and 18?
18
Suppose 45*l + 96 = 47*l. Let k be 0 + (l/(-168) - 100/(-7)). Calculate the greatest common factor of 14 and k.
14
Suppose -3*y = 2*y, 0 = 4*b - 3*y. Suppose -4*j - 2*h + 8 = b, -3*j + h = -2*h - 24. What is the greatest common factor of j and 9?
1
Suppose n + 9 - 26 = 0. Let t be (-138)/(-92)*(-1142)/(-3). Suppose o - t + 384 = 0. Calculate the highest common divisor of o and n.
17
Let z = -15231 - -15233. What is the highest common factor of 449 and z?
1
Suppose -5*j = -i - 2814, -2760 = -5*j - 55*i + 50*i. Calculate the highest common divisor of j and 9724.
187
Let r be 34/8 - (-18)/(-72). Suppose 2*u + 0*u = 2*q - 210, -r*u + 180 = 2*q. Suppose q = 19*v - 15*v. What is the greatest common factor of v and 50?
25
Let k(a) = 3*a**2 - 40*a + 100. Let p be k(15). Suppose 5*q = 7*q - 100. Calculate the greatest common factor of p and q.
25
Let m(r) = 5*r**2 + 784*r - 1365. Let d be m(-167). Calculate the highest common factor of d and 6.
6
Let d(r) = 3*r**2 - 4. Let